ivisor of 115755564 and 24.
12
Calculate the greatest common divisor of 1296 and 5188752.
432
What is the greatest common factor of 23448 and 11946?
6
What is the greatest common divisor of 14727793 and 361?
19
Calculate the highest common factor of 329780 and 7360.
20
Calculate the greatest common divisor of 184 and 83585588.
92
Calculate the greatest common divisor of 19822272 and 306.
102
Calculate the highest common factor of 4464 and 3145383.
9
What is the highest common factor of 1098548 and 44?
44
Calculate the greatest common divisor of 458856162 and 36.
18
What is the highest common factor of 21646590 and 3?
3
What is the greatest common factor of 325355 and 965?
5
What is the highest common factor of 513 and 180006?
57
What is the greatest common divisor of 13580 and 989860?
20
What is the highest common divisor of 155070258 and 1383?
1383
Calculate the greatest common factor of 274839 and 1462.
17
Calculate the highest common factor of 25 and 554380.
5
Calculate the highest common factor of 24 and 1063632432.
24
Calculate the greatest common divisor of 4969384 and 784.
392
What is the highest common divisor of 33 and 2369131776?
33
Calculate the greatest common divisor of 5497 and 7003417.
239
What is the highest common factor of 1236 and 536321?
103
Calculate the greatest common divisor of 80638 and 146.
2
What is the greatest common factor of 8988956 and 29?
29
Calculate the highest common factor of 269585634 and 6.
6
Calculate the greatest common divisor of 264405 and 435.
15
What is the greatest common factor of 228718 and 104346?
1054
What is the highest common factor of 645975 and 2697?
87
What is the highest common factor of 22080 and 101472?
96
Calculate the highest common factor of 2295 and 2418811425.
765
Calculate the highest common factor of 93162 and 1038.
6
Calculate the highest common factor of 6991 and 741808019.
6991
Calculate the highest common divisor of 1164 and 951537408.
1164
Calculate the highest common factor of 12281362 and 193.
193
Calculate the greatest common factor of 74480042 and 31.
31
Calculate the highest common factor of 49774 and 19598.
82
Calculate the highest common divisor of 5661 and 201130335.
333
Calculate the highest common divisor of 4298292 and 432.
108
Calculate the highest common factor of 21052 and 62412.
4
What is the highest common divisor of 208938 and 8257?
359
Calculate the greatest common divisor of 547811430 and 3035.
3035
What is the highest common divisor of 1160061 and 333?
111
Calculate the highest common factor of 405 and 14862069.
27
What is the highest common divisor of 3033 and 3275037?
9
Calculate the greatest common factor of 5377063 and 9232.
577
Calculate the highest common factor of 1491 and 268167.
213
What is the highest common divisor of 68189 and 4543?
11
Calculate the highest common divisor of 45 and 111892945.
5
What is the greatest common factor of 7329980 and 827995?
1435
Calculate the greatest common divisor of 73153 and 764.
191
Calculate the highest common factor of 40845 and 44355.
15
Calculate the greatest common factor of 461772 and 165227.
127
What is the highest common factor of 1048 and 691549?
131
Calculate the highest common divisor of 2 and 2301022.
2
Calculate the highest common factor of 499812931 and 3749.
3749
Calculate the greatest common factor of 58 and 928261.
29
Calculate the highest common divisor of 366871 and 10583.
19
Calculate the greatest common factor of 11408224 and 86564.
4556
Calculate the highest common divisor of 88430779 and 7251.
2417
Calculate the greatest common divisor of 96 and 1007635536.
48
Calculate the highest common divisor of 20709343 and 101.
101
What is the greatest common factor of 3496 and 11523?
23
What is the highest common factor of 234105 and 31875?
15
What is the highest common factor of 23829 and 48960652?
7943
What is the highest common divisor of 119 and 15673?
7
Calculate the greatest common factor of 12681900 and 1188.
1188
Calculate the highest common divisor of 3619568 and 129.
43
Calculate the greatest common factor of 215588 and 80.
4
Calculate the highest common divisor of 47 and 2974630.
47
What is the greatest common divisor of 3584 and 196624?
16
Calculate the highest common factor of 14 and 12920439.
7
What is the greatest common divisor of 4515 and 30308565?
105
Calculate the greatest common divisor of 816 and 156235236.
204
What is the greatest common divisor of 2640247 and 362?
181
Calculate the greatest common factor of 3075 and 13201590.
615
Calculate the highest common factor of 302116232 and 792.
88
Calculate the greatest common factor of 688224328 and 935.
187
What is the greatest common factor of 75848 and 28614?
38
What is the highest common divisor of 1340 and 295348730?
670
What is the highest common factor of 437953 and 1?
1
Calculate the greatest common divisor of 11 and 219409487.
11
What is the greatest common divisor of 52838 and 102032?
1822
What is the highest common factor of 567467336 and 668?
668
What is the highest common divisor of 1495 and 28729740?
65
What is the greatest common divisor of 2501 and 24161218?
41
What is the greatest common divisor of 23432896 and 9664?
64
What is the greatest common divisor of 1617 and 12604823?
77
What is the greatest common divisor of 28 and 2320458?
14
What is the greatest common factor of 9492 and 67054652?
3164
Calculate the highest common divisor of 51 and 375613521.
51
What is the greatest common factor of 26870793 and 564?
141
What is the greatest common divisor of 76814584 and 2464?
616
Calculate the greatest common factor of 214338 and 4309.
139
Calculate the greatest common divisor of 308 and 290369695.
77
Calculate the greatest common factor of 5250776 and 32.
8
Calculate the highest common divisor of 6036390 and 54510.
2370
Calculate the highest common factor of 395178168 and 5327.
5327
Calculate the greatest common divisor of 22948702 and 14.
14
Calculate the highest common divisor of 44 and 11005280.
44
What is the greatest common factor of 18 and 66715794?
18
Calculate the highest common factor of 217283689 and 2842.
1421
Calculate the highest common factor of 285 and 11807085.
15
Calculate the highest common divisor of 461055607 and 101.
101
Calculate the greatest common divisor of 576 and 9519624.
72
What is the highest common factor of 6441 and 104638?
113
Calculate the highest common factor of 66866 and 38062722.
998
What is the highest common factor of 54 and 75613302?
18
Calculate the greatest common divisor of 18791 and 10131845.
437
Calculate the highest common divisor of 252167905 and 24244.
6061
Calculate the greatest common factor of 80237 and 7578112.
779
Calculate the highest common divisor of 12183 and 49911.
393
Calculate the greatest common factor of 16818673 and 447.
149
What is the greatest common factor of 38613616 and 4176?
464
Calculate the greatest common divisor of 3072 and 92778144.
96
Calculate the highest common factor of 160174 and 25450168.
1346
Calculate the highest common factor of 876 and 1741.
1
Calculate the highest common divisor of 337 and 134411.
1
What is the greatest common divisor of 102 and 367137746?
34
What is the greatest common divisor of 21 and 2713125009?
21
Calculate the highest common divisor of 48768 and 1398.
6
Calculate the highest common divisor of 375 and 315288000.
375
Calculate the greatest common divisor of 110976 and 3071424.
3264
Calculate the greatest common factor of 196 and 4231864.
28
Calculate the greatest common factor of 14218705 and 885.
295
Calculate the highest common factor of 10408 and 334976276.
5204
Calculate the greatest common factor of 478 and 8126239.
239
What is the greatest common divisor of 126026018 and 341038?
8318
What is the greatest common factor of 4410510 and 1560?
390
What is the highest common factor of 1516 and 940788668?
1516
What is the greatest common divisor of 25 and 5449713?
1
Calculate the greatest common factor of 70770949 and 4885.
977
Calculate the greatest common factor of 1517995 and 11650.
1165
What is the highest common factor of 45 and 14266155?
15
What is the greatest common factor of 713532 and 6892572?
7356
Calculate the greatest common divisor of 1738 and 7259736.
22
Calculate the greatest common divisor of 